s*o - 4*q - 784, 0 = -q + 4. What are the prime factors of o?
2, 5
Let x be (-2)/4*(-3 + 3). Suppose x = -5*h - 53 + 18. Let t(z) = -36*z - 1. What are the prime factors of t(h)?
251
What are the prime factors of 5 + (4 - -27397) - (-25)/5?
3, 9137
Let j(s) = -16*s + 113. Let x be j(26). Let h = -141 - x. What are the prime factors of h?
2, 3
Suppose 27*k - 25*k + 62 = -r, 3*r - k + 207 = 0. What are the prime factors of (26 - 0)/(((-32)/r)/8)?
2, 13, 17
Suppose -117*h = -895669 + 158101. List the prime factors of h.
2, 197
Suppose -3*u + 3*f = -26541, -980*u = -981*u + 4*f + 8856. What are the prime factors of u?
2, 3, 11, 67
Let r(p) = p**3 - 8*p**2 + 7*p + 7. Let b be r(6). Let c(m) = 3*m - 6. Let j be c(5). Let h = j - b. List the prime factors of h.
2
List the prime factors of 17516 + 0 + (6 - 10) + 3 + -4.
3, 13, 449
Suppose l + 180*c - 32298 = 175*c, 5*c + 30 = 0. List the prime factors of l.
2, 3, 449
Let q be 1/(8/(-44))*-452. Suppose -6*g = -7868 + q. List the prime factors of g.
3, 13, 23
Let n(m) = 38*m**2 + 1054*m + 13. List the prime factors of n(-31).
7, 19, 29
Let w(h) = -2*h**3 - 40*h**2 + 40*h - 30. Let c be w(-21). Suppose c*z + 3*z - 1275 = 0. What are the prime factors of z?
5, 17
Suppose -5*s = s - 714. Let x = s - 53. Suppose 11 = -t + x. List the prime factors of t.
5, 11
Let v(u) = u**3 - 161*u**2 - 506*u + 528. What are the prime factors of v(165)?
2, 3, 11, 131
Let w = -1707 + 8706. What are the prime factors of w?
3, 2333
Let a = -844 + 850. What are the prime factors of (-1 + 0)/(9191/1532 - a)?
2, 383
Let s be (-76)/6*(33/(-2))/11. Suppose 2*x + s*b - 2650 = 14*b, 2*x - 2656 = -2*b. What are the prime factors of x?
2, 5, 7, 19
Let v be 1/(-1)*(-11 + 9)*-1. List the prime factors of 12/v + -31 + 195.
2, 79
Let f(t) = 42*t + 4927. What are the prime factors of f(-21)?
5, 809
Let j(c) = c**3 - 39*c**2 + 117*c - 30. Let h be j(36). Let f = h + -196. What are the prime factors of f?
2, 7
Let i = 249 + -249. Suppose i = -8*v - 5525 + 14149. What are the prime factors of v?
2, 7, 11
Suppose c + 10 = 13. Suppose 0 = 6*k - c*k + 54. Let p(g) = g**3 + 17*g**2 - 20*g + 11. List the prime factors of p(k).
47
Suppose -5*g = t - 402753, 0 = -g + 2*t + 41867 + 38666. List the prime factors of g.
7, 37, 311
Let n(o) = 97*o + 1935. List the prime factors of n(40).
5, 1163
Suppose 48*d - 52*d + 28223 = 5*s, -2*s = -3*d + 21173. What are the prime factors of d?
7057
Let n = 56575 - 37801. List the prime factors of n.
2, 3, 7, 149
Suppose 3*h + 1737 = -2*b + 6*b, 0 = -5*h - 3*b - 2924. Let x = -391 - h. Suppose 156 = 4*m - 9*k + 8*k, 5*m = 2*k + x. What are the prime factors of m?
2, 5
Suppose -91*g = -26*g - 589225. What are the prime factors of g?
5, 7, 37
Let c(i) = 2*i**3 + 6*i**2 + 212*i - 47. What are the prime factors of c(23)?
3, 3593
List the prime factors of 263*1*(-12 - 10)*-1.
2, 11, 263
Let w = 30835 - 15600. List the prime factors of w.
5, 11, 277
Suppose -5*p + 107 = 127, -4*n + 38596 = 5*p. List the prime factors of n.
2, 3, 1609
Let l be 46*(-2 + 40/16). Suppose l*f - 2757 = 20*f. What are the prime factors of f?
919
Suppose 5*a - 1102 - 2118 = 0. Suppose -108 - a = -4*m. Suppose -d + m = 3*d. List the prime factors of d.
47
Suppose 17*c = -480 - 234. Let v = 71 + c. Let m = 155 + v. List the prime factors of m.
2, 23
Let h = 114 - 114. Suppose -4*k + 6618 = 5*w, 0 = -5*w - h*k + k + 6608. What are the prime factors of w?
2, 661
Let b = 16972 + -7213. What are the prime factors of b?
3, 3253
Let m be -14 + (6/9)/(14/(-84)). Let b be (2/(-3))/((-1)/54). Let d = m + b. What are the prime factors of d?
2, 3
Suppose -257*c = -259*c + 13116. List the prime factors of c.
2, 3, 1093
Let p(z) = z**3 + 8*z**2 + 2*z - 10. Let v be p(-8). Let s be 40/(-70)*-7*1. What are the prime factors of (-4)/v - s*12/(-26)?
2
Suppose 0 = -8*q - 0*q - 56. Let w(z) = -z**2 - 3*z + 30. Let r be w(q). Suppose 5*i = 20, r*t - 4*t + 4*i + 228 = 0. What are the prime factors of t?
2, 61
Suppose 11*g - 43 = 45. Let q be 5 + g/6 + (-2)/6. Suppose 2 + q = 2*i, -3*k = -4*i - 272. What are the prime factors of k?
2, 3
Suppose 5*s = 3*h - 19996, 0 = -4*h - s + 22631 + 3992. What are the prime factors of h?
3, 7, 317
Let f(x) = 2*x**2 + 4*x + 12. Suppose 4 = 3*v - 11. Suppose 0 = -3*g + 4*n - 10, -v*n = 2*g + 13 + 9. List the prime factors of f(g).
2, 3, 5
Suppose z + 4*d + 4 = 20, 0 = 4*z + 5*d - 75. Suppose z*o - 14*o - 258 = 0. What are the prime factors of o?
43
Let b(a) = -9004*a - 916. What are the prime factors of b(-2)?
2, 4273
Let y be (153/(-4))/(39/(-1664)). What are the prime factors of y/(-20)*200/(-15)?
2, 17
Let m(j) = j**3 + 18*j**2 - j - 2. Let o be 2/(-4) + (-3 - 261/18). What are the prime factors of m(o)?
2
Let m(p) = 16*p**2 - 169*p - 461. What are the prime factors of m(24)?
37, 127
Let m = -53993 - -92256. List the prime factors of m.
83, 461
Suppose -2*s - 4 = -18. List the prime factors of s/3*(-3822)/(-26).
7
Suppose -n + 62917 = 3*r, -64*r = 3*n - 59*r - 188779. What are the prime factors of n?
2, 31469
Let o(p) = 2*p**2 + 1. Suppose -4*w + 2 = -2*w. Let u be o(w). Suppose 4*r - 23 - 21 = 4*d, u*d = 0. List the prime factors of r.
11
Let s be 0 + (-3 - -32) + (0 - 4). Suppose -4*c = -2*i - 34, 0 = 21*c - s*c - 2*i + 14. What are the prime factors of c?
2, 3
Suppose 0 = 15*o - 22*o - 140. Let r(p) = -30*p - 181. What are the prime factors of r(o)?
419
Let l(v) = 54*v + 34. Let t be (-11)/(-22) - (-84)/8. List the prime factors of l(t).
2, 157
Let h be 570896/152 - 6/(-57). Suppose -54*r + 58*r - h = 0. List the prime factors of r.
3, 313
Suppose -2*x - j + 1689 = 0, 3*j + 2038 + 1345 = 4*x. List the prime factors of x.
5, 13
Suppose -2*f = -x - 27812, 3*f = 111*x - 110*x + 41716. What are the prime factors of f?
2, 11, 79
Suppose -3*v - 16 = 2*l, v - 3*l = 6*v + 26. Let y(t) = 2*t**3 - 5*t**3 + t + 5 - 3 - 4*t**2. What are the prime factors of y(v)?
2, 3, 7
Let h(i) = -2*i - 2. Let u be h(-3). Suppose 2*p - 3 = d, u*p - 15 = -0*d - d. Suppose -5*w + d*w = -108. What are the prime factors of w?
2, 3
Let i = -175 + 193. Let s = 417 + i. List the prime factors of s.
3, 5, 29
What are the prime factors of (-201572)/(-49) - -4 - ((-8)/28 + 0)?
2, 29, 71
Suppose 3 + 27 = 15*m. Suppose -t + 1104 = -26*n + 30*n, 2*t + 542 = m*n. What are the prime factors of n?
5, 11
Suppose -2*o - 6 = -2*j + 7*j, -2*o + j - 30 = 0. Let v(m) = 4*m**2 - 17*m - 32. List the prime factors of v(o).
5, 173
Let u = 86 - 13. Let g = -100 + u. What are the prime factors of 255*(-6)/g*3?
2, 5, 17
Let r(m) = m**2 + 10*m - 141. Let g be r(-18). Suppose -g*o = -n - 271, -2*o - 2*n + 178 = -4*n. List the prime factors of o.
7, 13
Suppose -w = -14*w + 169. Suppose -3*x - 2*x - 3*g + w = 0, 2*g = 5*x - 33. List the prime factors of x.
5
What are the prime factors of (0 + 3530/20 + 3)*72*1?
2, 3, 359
Suppose 0 = 494*i - 12082695 - 1608021. List the prime factors of i.
2, 3, 31, 149
Let w(p) = -5*p**2 + 8*p - 6. Let a(l) = -9*l**2 + 16*l - 13. Let z(y) = 4*a(y) - 7*w(y). Let m be z(6). List the prime factors of (m/4 + 2)*(1 - -47).
2, 3, 5
Let y(z) = -3*z**2 - 2*z + 2. Let h = 80 + -82. Let u be y(h). What are the prime factors of 3/u*(-226 + 6/(-3))?
2, 3, 19
Suppose -2 = -2*m - 17*b + 14*b, -5*m = -3*b - 26. Suppose 7*o - m*o - 3*p - 3120 = 0, -3*p + 4146 = 4*o. List the prime factors of o.
2, 3, 173
Let x = -36748 - -82690. List the prime factors of x.
2, 3, 13, 19, 31
Let l(h) be the first derivative of -40*h**2 + 51*h + 51. List the prime factors of l(-3).
3, 97
What are the prime factors of (-3*2/12)/((-15 - -22)/(-459046))?
32789
Let o(v) = 9*v - 28. Let h be o(11). Let n = h + 29. What are the prime factors of n?
2, 5
Suppose 55*z = 56*z - a - 7527, 3*z + 2*a - 22601 = 0. List the prime factors of z.
17, 443
Let a = -88655 + 164838. What are the prime factors of a?
29, 37, 71
Suppose -501298 = -36*a + 438591 - 138493. What are the prime factors of a?
113, 197
Let l = 2720 + -1750. Suppose 80*m = 75*m + l. List the prime factors of m.
2, 97
Let t = -4913 + 10614. List the prime factors of t.
5701
Let g be (16/(-4))/(0 - (-4 - -2)). What are the prime factors of (-315)/g + (5/2)/(-5)?
157
Let j = -179 - -5. Let b be j/(-12) - (-3)/6. Let c = 133 + b. List th